{"id":276,"date":"2022-11-04T15:02:36","date_gmt":"2022-11-04T15:02:36","guid":{"rendered":"https:\/\/observa.cat\/qui-som\/"},"modified":"2022-12-19T17:34:15","modified_gmt":"2022-12-19T17:34:15","slug":"quienes-somos","status":"publish","type":"page","link":"https:\/\/observa.cat\/es\/quienes-somos\/","title":{"rendered":"Qui\u00e9nes somos"},"content":{"rendered":"\n<div style=\"height:150px\" aria-hidden=\"true\" class=\"wp-block-spacer\"><\/div>\n\n\n\n<div class=\"wp-block-columns are-vertically-aligned-top is-layout-flex wp-container-core-columns-is-layout-9d6595d7 wp-block-columns-is-layout-flex\">\n<div class=\"wp-block-column is-vertically-aligned-top is-layout-flow wp-block-column-is-layout-flow\" style=\"flex-basis:33.33%\">\n<figure class=\"wp-block-image size-full is-resized\"><img decoding=\"async\" src=\"https:\/\/observa.cat\/wp-content\/uploads\/2022\/11\/Recurso-2.svg\" alt=\"\" class=\"wp-image-145\" width=\"350\"\/><\/figure>\n<\/div>\n\n\n\n<div class=\"wp-block-column is-vertically-aligned-top is-layout-flow wp-block-column-is-layout-flow\" style=\"flex-basis:66.66%\">\n<p><strong>OBSERVA es una entidad sin \u00e1nimo de lucro, formada por personas provenientes de la sociedad civil, del mundo cooperativo y de econom\u00eda social y solidaria, con un compromiso decidido en la lucha contra la violencia institucional, que tiene como objetivo dotar de estabilidad a una estructura de monitoreo del sistema penal en Catalu\u00f1a<\/strong>.<\/p>\n\n\n\n<p><strong>Apoyan a OBSERVA:<\/strong><\/p>\n\n\n\n<div class=\"wp-block-columns is-layout-flex wp-container-core-columns-is-layout-9d6595d7 wp-block-columns-is-layout-flex\">\n<div class=\"wp-block-column is-layout-flow wp-block-column-is-layout-flow\">\n<p class=\"has-text-color\" style=\"color:#cc4a4a\"><strong>ALBANO DANTE FACHIN<\/strong>, periodista y activista<br><strong>ALTAMIRA GUELBENZU<\/strong>, abogada y miembro de IACTA<br><strong>ANA CARDONA OLVEIRA<\/strong>, miembro de Familias de Presxs de Catalunya<br><strong>ANA\u00cfS FRANQUESA<\/strong>, abogada y co-directora de Iridia<br><strong>ANDR\u00c9S GRAC\u00cdA BERRIO<\/strong>, abogado y codirector de Ir\u00eddia<br><strong>ARNAU ESTEBAN MIRALLES<\/strong>, abogado y exdocente en prisi\u00f3n<br><strong>AUGUST GIL MATAMALA<\/strong>, abogado<br><strong>BENET SALELLAS<\/strong>, abogado<br><strong>CARMEN RIPOLLES DEL PUEBLO<\/strong>, miembro de Familias de Presxs de Catalunya<br><strong>C\u00c9SAR LORENZO RUBIO<\/strong>, Historiador<br><strong>CRISTINA FERN\u00c1NDEZ BESSA<\/strong>, profesora e investigadora Ram\u00f3n y Cajal, Universidade da Coru\u00f1a<br><strong>DANIEL PONT<\/strong>, expreso social fundador de la Coordinadora espa\u00f1ola de Presos en Lucha (COPEL)<br><strong>DAVID ARANDA CHECA<\/strong>, abogado de Arrels Advocats, SCCLP i de Alerta Solid\u00e0ria.<br><strong>DAVID FERN\u00c0NDEZ<\/strong>, periodista<br><strong>DOLORES ILLAN VILANUEVA<\/strong>, miembro de Familias de Presxs de Catalunya<br><strong>ELISABET ALMEDA SAMARANCH<\/strong>, catedr\u00e1tica del Departamento de Sociolog\u00eda de la Universitat de Barcelona y directora del Grup Interuniverstari Copolis<br><strong>EVA LABARTA<\/strong>, abogada<br><strong>EVA POUS<\/strong>, abogada y miembro de Alerta Solid\u00e0ria<br><strong>FLORENCIA ROJAS<\/strong>, artista visual<br><strong>FRANCISCO MIGUEL FERN\u00c1NDEZ CAPARR\u00d3S<\/strong>, coordinador de \u00e1rea de prisiones de la Asociaci\u00f3n Pro Derechos Humanos de Andaluc\u00eda.<br><strong>GABRIEL IGNACIO ANITUA<\/strong>, profesor de Derecho Penal de la Universidad Jos\u00e9 C. Paz y de la U. de Buenos Aires<br><strong>GABRIELA SERRA<\/strong>, activista social<br><strong>GRACIA AMO<\/strong>, miembro de Familias de Presxs de Catalunya<br><strong>HELENA SOL\u00c0<\/strong>, miembro de la Organizaci\u00f3n Mundial contra la Tortura<br><strong>JES\u00daS RODR\u00cdGUEZ<\/strong>, periodista<br><strong>JORDI CUIXART<\/strong>, Expresidente de \u00d2mnium Cultural<\/p>\n\n\n\n<p class=\"has-text-color\" style=\"color:#cc4a4a\"><strong>JORGE DEL CURA<\/strong>, Centro de Documentaci\u00f3n Contra la Tortura<br><strong>JOS\u00c9 ANGEL BRANDARIZ<\/strong>, catedr\u00e1tico de Derecho Penal, Universidade da Coru\u00f1a<br><strong>JOS\u00c9 RAM\u00d3N ANT\u00d3N<\/strong>, Asociaci\u00f3n Pro Derechos Humanos de Espa\u00f1a<br><strong>LAIA SERRA<\/strong>, abogada penalista experta en Derechos Humanos. Presidenta de l&#8217;Associaci\u00f3 Catalana per a la Defensa dels Drets Humans<br><strong>LLU\u00cfSA DOMINGO<\/strong>, abogada<br><strong>MANUEL DELGADO<\/strong>, catedr\u00e1tico de antropolog\u00eda social en la Universitat de Barcelona<\/p>\n<\/div>\n\n\n\n<div class=\"wp-block-column has-text-color is-layout-flow wp-block-column-is-layout-flow\" style=\"color:#cc4a4a\">\n<p><strong>MARCO APARICIO<\/strong>, profesor de Derecho Constitucional en la Universitat de Girona<br><strong>MARINA GARC\u00c9S<\/strong>, Profesora Titular de Filosof\u00eda<br><strong>MARION HOHN<\/strong>, miembro de la Comisi\u00f3n de Defensa del Ilustre Colegio de la Abogac\u00eda de Barcelona<br><strong>MARTA MONCL\u00daS<\/strong>, profesora de la Universidad Nacional de Jos\u00e9 C. Paz y directora del Observatorio de C\u00e1rceles Federales de la Procuraci\u00f3n Penitenciaria (Argentina)<br><strong>MARTA VENCESLAO<\/strong>, profesora de la Universitat de Barcelona y miembro de GRECS<br><strong>MAURO PALMA<\/strong>, Garante de los derechos de las personas detenidas de Italia y ex Presidente del Comit\u00e9 pera a la Prevenci\u00f3n de la Tortura del Consejo de Europa,<br><strong>MERC\u00c8 BARCEL\u00d3<\/strong>, catedr\u00e1tica de Derecho Constitucional, Universitat Aut\u00f2noma de Barcelona<br><strong>MIGUEL MART\u00cdN ZUMALAC\u00c1RREGUI<\/strong>, miembro de la Organizaci\u00f3n Mundial contra la Tortura<br><strong>MIGUEL MART\u00cdN<\/strong>, Virus editorial<br><strong>MIREIA MONTESINOS<\/strong>, abogada y miembro de la Comisi\u00f3n de Defensa del Ilustre Colegio de la Abogac\u00eda de Barcelona<br><strong>MIREIA SALAZAR<\/strong>, abogada de Ir\u00eddia y miembro de la Comisi\u00f3n de Defensa del Ilustre Colegio de la Abogac\u00eda de Barcelona<br><strong>MONTSERRAT TAFALLA<\/strong>. Presidenta del Instituto de Derechos Humanos de Catalu\u00f1a<br><strong>NAT\u00c0LIA S\u00c1NCHEZ DIPP<\/strong>, historiadora<br><strong>NORMA PEDEMONTE<\/strong>, abogada y miembro de Alerta Solid\u00e0ria<br><strong>N\u00daRIA G\u00dcELL<\/strong>, artista de arte contemporanio<br><strong>N\u00daRIA MONTFORT<\/strong>, abogada y miembro de IACTA<br><strong>PATRIC DE SAN PEDRO<\/strong>, editor.<br><strong>PEPE BEUNZA<\/strong>. primer objetor de conciencia pol\u00edtico preso en 1971<br><strong>PERE GRAU<\/strong>, abogado del Ilustre Colegio de la Abogac\u00eda de Tarragona<br><strong>RAMON PIQU\u00c9<\/strong>, profesor Universitat Aut\u00f2noma de Barcelona, miembro de l&#8217;Associaci\u00f3 Mem\u00f2ria Contra la Tortura<br><strong>ROSA SEGU\u00cd<\/strong>, miembro de la Xarxa Anti-repressi\u00f3 de Familiars de Detingudes<br><strong>SOLANGE HILBERT<\/strong>, abogada y miembro de IACTA<br><strong>XAVI MU\u00d1OZ SORIANO<\/strong>, abogado<br><strong>XAVIER ANTICH<\/strong>, president d\u2019\u00d2mnium Cultural<br><strong>XAVIER BADIA<\/strong>, miembro y voluntario de prisiones de Just\u00edcia i Pau<\/p>\n<\/div>\n<\/div>\n<\/div>\n<\/div>\n","protected":false},"excerpt":{"rendered":"<p>OBSERVA es una entidad sin \u00e1nimo de lucro, formada por personas provenientes de la sociedad civil, del mundo cooperativo y de econom\u00eda social y solidaria, con un compromiso decidido en la lucha contra la violencia institucional, que tiene como objetivo dotar de estabilidad a una estructura de monitoreo del sistema penal en Catalu\u00f1a. Apoyan a [&hellip;]<\/p>\n","protected":false},"author":1,"featured_media":236,"parent":0,"menu_order":0,"comment_status":"closed","ping_status":"closed","template":"template\/observa.php","meta":{"_acf_changed":false,"give_campaign_id":0,"footnotes":""},"class_list":["post-276","page","type-page","status-publish","has-post-thumbnail","hentry"],"acf":[],"campaignId":"","_links":{"self":[{"href":"https:\/\/observa.cat\/es\/wp-json\/wp\/v2\/pages\/276","targetHints":{"allow":["GET"]}}],"collection":[{"href":"https:\/\/observa.cat\/es\/wp-json\/wp\/v2\/pages"}],"about":[{"href":"https:\/\/observa.cat\/es\/wp-json\/wp\/v2\/types\/page"}],"author":[{"embeddable":true,"href":"https:\/\/observa.cat\/es\/wp-json\/wp\/v2\/users\/1"}],"replies":[{"embeddable":true,"href":"https:\/\/observa.cat\/es\/wp-json\/wp\/v2\/comments?post=276"}],"version-history":[{"count":28,"href":"https:\/\/observa.cat\/es\/wp-json\/wp\/v2\/pages\/276\/revisions"}],"predecessor-version":[{"id":887,"href":"https:\/\/observa.cat\/es\/wp-json\/wp\/v2\/pages\/276\/revisions\/887"}],"wp:featuredmedia":[{"embeddable":true,"href":"https:\/\/observa.cat\/es\/wp-json\/wp\/v2\/media\/236"}],"wp:attachment":[{"href":"https:\/\/observa.cat\/es\/wp-json\/wp\/v2\/media?parent=276"}],"curies":[{"name":"wp","href":"https:\/\/api.w.org\/{rel}","templated":true}]}}

Quiénes somos

<div style="height:150px" aria-hidden="true" class="wp-block-spacer"></div>



<div class="wp-block-columns are-vertically-aligned-top is-layout-flex wp-container-core-columns-is-layout-9d6595d7 wp-block-columns-is-layout-flex">
<div class="wp-block-column is-vertically-aligned-top is-layout-flow wp-block-column-is-layout-flow" style="flex-basis:33.33%">
<figure class="wp-block-image size-full is-resized"><img decoding="async" src="https://observa.cat/wp-content/uploads/2022/11/Recurso-2.svg" alt="" class="wp-image-145" width="350"/></figure>
</div>



<div class="wp-block-column is-vertically-aligned-top is-layout-flow wp-block-column-is-layout-flow" style="flex-basis:66.66%">
<p><strong>OBSERVA es una entidad sin ánimo de lucro, formada por personas provenientes de la sociedad civil, del mundo cooperativo y de economía social y solidaria, con un compromiso decidido en la lucha contra la violencia institucional, que tiene como objetivo dotar de estabilidad a una estructura de monitoreo del sistema penal en Cataluña</strong>.</p>



<p><strong>Apoyan a OBSERVA:</strong></p>



<div class="wp-block-columns is-layout-flex wp-container-core-columns-is-layout-9d6595d7 wp-block-columns-is-layout-flex">
<div class="wp-block-column is-layout-flow wp-block-column-is-layout-flow">
<p class="has-text-color" style="color:#cc4a4a"><strong>ALBANO DANTE FACHIN</strong>, periodista y activista<br><strong>ALTAMIRA GUELBENZU</strong>, abogada y miembro de IACTA<br><strong>ANA CARDONA OLVEIRA</strong>, miembro de Familias de Presxs de Catalunya<br><strong>ANAÏS FRANQUESA</strong>, abogada y co-directora de Iridia<br><strong>ANDRÉS GRACÍA BERRIO</strong>, abogado y codirector de Irídia<br><strong>ARNAU ESTEBAN MIRALLES</strong>, abogado y exdocente en prisión<br><strong>AUGUST GIL MATAMALA</strong>, abogado<br><strong>BENET SALELLAS</strong>, abogado<br><strong>CARMEN RIPOLLES DEL PUEBLO</strong>, miembro de Familias de Presxs de Catalunya<br><strong>CÉSAR LORENZO RUBIO</strong>, Historiador<br><strong>CRISTINA FERNÁNDEZ BESSA</strong>, profesora e investigadora Ramón y Cajal, Universidade da Coruña<br><strong>DANIEL PONT</strong>, expreso social fundador de la Coordinadora española de Presos en Lucha (COPEL)<br><strong>DAVID ARANDA CHECA</strong>, abogado de Arrels Advocats, SCCLP i de Alerta Solidària.<br><strong>DAVID FERNÀNDEZ</strong>, periodista<br><strong>DOLORES ILLAN VILANUEVA</strong>, miembro de Familias de Presxs de Catalunya<br><strong>ELISABET ALMEDA SAMARANCH</strong>, catedrática del Departamento de Sociología de la Universitat de Barcelona y directora del Grup Interuniverstari Copolis<br><strong>EVA LABARTA</strong>, abogada<br><strong>EVA POUS</strong>, abogada y miembro de Alerta Solidària<br><strong>FLORENCIA ROJAS</strong>, artista visual<br><strong>FRANCISCO MIGUEL FERNÁNDEZ CAPARRÓS</strong>, coordinador de área de prisiones de la Asociación Pro Derechos Humanos de Andalucía.<br><strong>GABRIEL IGNACIO ANITUA</strong>, profesor de Derecho Penal de la Universidad José C. Paz y de la U. de Buenos Aires<br><strong>GABRIELA SERRA</strong>, activista social<br><strong>GRACIA AMO</strong>, miembro de Familias de Presxs de Catalunya<br><strong>HELENA SOLÀ</strong>, miembro de la Organización Mundial contra la Tortura<br><strong>JESÚS RODRÍGUEZ</strong>, periodista<br><strong>JORDI CUIXART</strong>, Expresidente de Òmnium Cultural</p>



<p class="has-text-color" style="color:#cc4a4a"><strong>JORGE DEL CURA</strong>, Centro de Documentación Contra la Tortura<br><strong>JOSÉ ANGEL BRANDARIZ</strong>, catedrático de Derecho Penal, Universidade da Coruña<br><strong>JOSÉ RAMÓN ANTÓN</strong>, Asociación Pro Derechos Humanos de España<br><strong>LAIA SERRA</strong>, abogada penalista experta en Derechos Humanos. Presidenta de l&#8217;Associació Catalana per a la Defensa dels Drets Humans<br><strong>LLUÏSA DOMINGO</strong>, abogada<br><strong>MANUEL DELGADO</strong>, catedrático de antropología social en la Universitat de Barcelona</p>
</div>



<div class="wp-block-column has-text-color is-layout-flow wp-block-column-is-layout-flow" style="color:#cc4a4a">
<p><strong>MARCO APARICIO</strong>, profesor de Derecho Constitucional en la Universitat de Girona<br><strong>MARINA GARCÉS</strong>, Profesora Titular de Filosofía<br><strong>MARION HOHN</strong>, miembro de la Comisión de Defensa del Ilustre Colegio de la Abogacía de Barcelona<br><strong>MARTA MONCLÚS</strong>, profesora de la Universidad Nacional de José C. Paz y directora del Observatorio de Cárceles Federales de la Procuración Penitenciaria (Argentina)<br><strong>MARTA VENCESLAO</strong>, profesora de la Universitat de Barcelona y miembro de GRECS<br><strong>MAURO PALMA</strong>, Garante de los derechos de las personas detenidas de Italia y ex Presidente del Comité pera a la Prevención de la Tortura del Consejo de Europa,<br><strong>MERCÈ BARCELÓ</strong>, catedrática de Derecho Constitucional, Universitat Autònoma de Barcelona<br><strong>MIGUEL MARTÍN ZUMALACÁRREGUI</strong>, miembro de la Organización Mundial contra la Tortura<br><strong>MIGUEL MARTÍN</strong>, Virus editorial<br><strong>MIREIA MONTESINOS</strong>, abogada y miembro de la Comisión de Defensa del Ilustre Colegio de la Abogacía de Barcelona<br><strong>MIREIA SALAZAR</strong>, abogada de Irídia y miembro de la Comisión de Defensa del Ilustre Colegio de la Abogacía de Barcelona<br><strong>MONTSERRAT TAFALLA</strong>. Presidenta del Instituto de Derechos Humanos de Cataluña<br><strong>NATÀLIA SÁNCHEZ DIPP</strong>, historiadora<br><strong>NORMA PEDEMONTE</strong>, abogada y miembro de Alerta Solidària<br><strong>NÚRIA GÜELL</strong>, artista de arte contemporanio<br><strong>NÚRIA MONTFORT</strong>, abogada y miembro de IACTA<br><strong>PATRIC DE SAN PEDRO</strong>, editor.<br><strong>PEPE BEUNZA</strong>. primer objetor de conciencia político preso en 1971<br><strong>PERE GRAU</strong>, abogado del Ilustre Colegio de la Abogacía de Tarragona<br><strong>RAMON PIQUÉ</strong>, profesor Universitat Autònoma de Barcelona, miembro de l&#8217;Associació Memòria Contra la Tortura<br><strong>ROSA SEGUÍ</strong>, miembro de la Xarxa Anti-repressió de Familiars de Detingudes<br><strong>SOLANGE HILBERT</strong>, abogada y miembro de IACTA<br><strong>XAVI MUÑOZ SORIANO</strong>, abogado<br><strong>XAVIER ANTICH</strong>, president d’Òmnium Cultural<br><strong>XAVIER BADIA</strong>, miembro y voluntario de prisiones de Justícia i Pau</p>
</div>
</div>
</div>
</div>

<p>OBSERVA es una entidad sin ánimo de lucro, formada por personas provenientes de la sociedad civil, del mundo cooperativo y de economía social y solidaria, con un compromiso decidido en la lucha contra la violencia institucional, que tiene como objetivo dotar de estabilidad a una estructura de monitoreo del sistema penal en Cataluña. Apoyan a [&hellip;]</p>
